ose 4*r - 1084 = x, d*x + 74 + 482 = 2*r. What is the hundreds digit of r?
2
Let j(s) = 3*s**2 + 14*s + 8. Let h be j(-9). Suppose -4*n - 80 = -9*n + 5*l, 28 = n + 2*l. Suppose 25*p - n*p = h. What is the units digit of p?
5
Suppose -374*f = -457*f + 649973. What is the hundreds digit of f?
8
Let p = -110 - -112. Let w be (p - -4)/(15/(-20)). What is the tens digit of -5*(1 - -44)*w/24?
7
Suppose 3*q + 3*m - 9 = 3, 2*q + 3*m = 5. Suppose -149*l = -148*l - q. Let u(f) = -3*f**3 + 24*f**2 - 5*f. What is the hundreds digit of u(l)?
1
Suppose -4*w - 5*i - 336 - 3328 = 0, 5*i = -20. Let h = 1495 + w. What is the tens digit of h?
8
Let g(w) be the first derivative of 7*w**3/6 + 8*w**2 - 18*w + 14. Let b(u) be the first derivative of g(u). What is the units digit of b(6)?
8
What is the thousands digit of 54/(-21)*(-113036)/66?
4
Let d(l) = l**3 - 13*l**2 - 6*l - 3. Let r be d(13). Let o = -1 - r. What is the tens digit of o?
8
Suppose 3*o = -3*t + 21, 0*t - 4*o = -t - 13. Suppose t*m + 3*y = 42, 0*m - y - 58 = -3*m. What is the tens digit of m?
1
Let s = 76 + 7. Suppose 5*h - 18 = -s. Let m = h + 27. What is the units digit of m?
4
Let i(a) = a**3 + a**2. Let h be i(0). Let u be (3 + -2)*(13 + h). Let j(l) = -l**2 + 20*l + 12. What is the units digit of j(u)?
3
Suppose 4*p - 4*t - 52340 = 0, -t - 27 + 28 = 0. What is the thousands digit of p?
3
Let k(d) = d**3 - 9*d**2 - 11*d - 6. Suppose 2*s - 9 = 11. Let x be k(s). Let p = 20 + x. What is the units digit of p?
4
Let d = 24 + -25. Let s be d - (-2)/2*(-3 - -20). Let b = -5 + s. What is the tens digit of b?
1
Let d(q) = 28*q**2 + 4*q + 4. Let f be d(4). Let h = -1290 - -1290. Suppose 3*j - f = -k, -4*j + 3*k + 476 + 135 = h. What is the tens digit of j?
5
What is the tens digit of ((-748)/(-119))/11 + (220842/14 - -1)?
7
Suppose -2*t + c + 13233 = 3*t, -2*c + 5286 = 2*t. Suppose 8*z + 10*z - t = 0. What is the hundreds digit of z?
1
Let c(u) = -u**3 + 21*u**2 + 52*u + 45. Let t be c(22). Let l = t - -235. What is the tens digit of l?
4
Suppose d = -0 + 56. Let j = d + -56. What is the tens digit of 2 - (1 - j) - 111*-1?
1
Let p(u) = -411*u + 2146. What is the hundreds digit of p(-47)?
4
Let z = -113 - -106. Let h be z + 3 + 5 + -11. What is the hundreds digit of h*(-57)/(-6)*8/(-4)?
1
Suppose 0 = -12*r + 21 - 57. Let j be -1*(r - 354)/3. Suppose -160 = -3*g + 4*y - 24, 2*g + 3*y - j = 0. What is the tens digit of g?
5
Let a(u) = -u**3 + 5*u**2 + 6*u + 3. Suppose -3*f - 6*f + 54 = 0. Let o be a(f). Suppose -343 = -o*r - 73. What is the units digit of r?
0
Suppose 539 + 77 = 22*i. Suppose 0 = -i*g + 6376 - 2596. What is the hundreds digit of g?
1
Let q(n) = 5*n**2 + 20*n - 2. Let w be q(6). Let i = w - 83. What is the hundreds digit of i?
2
Let v(u) = u**3 + 53*u**2 + 103*u + 53. Let s be v(-51). Suppose -b - 3196 = -s*y, -2130 - 4264 = -4*y + 3*b. What is the hundreds digit of y?
5
Suppose -2*u = m - 4, 0 = u + u + 2*m - 2. Suppose 4*f - u = f. What is the units digit of (-16)/(-4) + 43 + f?
8
Let f = 1627 - 1603. Let p = -36 + 62. Suppose -f = -w - 4*l, w + l = -l + p. What is the units digit of w?
8
Let x(g) = g**3 - 28*g**2 + 72*g - 713. What is the thousands digit of x(38)?
6
Let h(z) = -29*z + 153. Let v be h(-36). What is the hundreds digit of v - (-10)/(-20)*0?
1
Let y(g) = g**3 - 5*g**2 + 5*g + 1. Let s be y(4). Suppose -2*z + 1161 = s*j, 21*z - 17*z + j - 2313 = 0. What is the units digit of z?
8
Let i = 3825 + -161. What is the hundreds digit of i?
6
Suppose -v - 7*r + 163 = -3*r, -2*r + 8 = 0. Suppose -158*g = -v*g - 7051. What is the tens digit of g?
4
Let u be (1251/36)/(2/(-8)). Let p = 348 - u. What is the units digit of p?
7
What is the hundreds digit of 2/(-6)*(44 - 56120)?
6
Let b(g) = -19*g. Let h be b(3). Let v be 7*(-11 + 25) - 11. Let w = v + h. What is the tens digit of w?
3
Let c(s) = -s**2 - 18*s - 15. Let a be (-6)/(-10) + (-172)/(-5). Suppose -4*q - 2*d = 46, -3*d = -2*q - 0*d - a. What is the tens digit of c(q)?
5
Let u = -3849 + 2529. Let b = 2560 + u. What is the thousands digit of b?
1
Let g = 395 - 377. Suppose -1178 = -g*v + 1108. What is the tens digit of v?
2
Suppose -27*r + 225835 = -154892. What is the tens digit of r?
0
Let t be 3 - (-4)/8*8394. Suppose 136*r - t = 130*r. What is the units digit of r?
0
Let q be ((-220)/30)/(2/(-12 + 0)). Suppose 6*x - q = 2*x. Suppose v - x*v + 110 = 0. What is the units digit of v?
1
Let w = 15860 - 9071. What is the units digit of w?
9
Suppose 86 = 3*h - 34. Let t be (1 - -50) + 0/(-4 + 5). Let g = h + t. What is the units digit of g?
1
Let v(i) = -i**3 - 4*i**2 + 3. Let z be v(-4). Let j(o) = -7*o - 8 + z*o - 10*o - 34*o. What is the tens digit of j(-2)?
8
Let k = -20133 - -62573. What is the thousands digit of k?
2
Let b be (4/6)/(66/2277) - 5. Suppose -8516 = b*z - 25274. What is the units digit of z?
1
Let o(w) = 117*w**2 + 32*w - 185. What is the ten thousands digit of o(-14)?
2
Let i(j) be the second derivative of 0 + 17*j + 3*j**2 + 1/6*j**4 - 2/3*j**3. What is the units digit of i(5)?
6
Let u(h) be the third derivative of h**6/60 - 11*h**5/60 + 17*h**4/24 - 8*h**3/3 + 5*h**2 + 5. What is the tens digit of u(7)?
5
Let s(u) = 343*u - 6008. What is the ten thousands digit of s(107)?
3
Let o(r) = -519*r**3 + 2*r**2 - r - 2. Let j(x) = x**2 - 11*x - 43. Let f be j(14). What is the tens digit of o(f)?
2
What is the ten thousands digit of -2 - 2 - (10 - -8 - 30266)?
3
Suppose -5*n = 4*y - 9*n - 52956, 4*n = -16. What is the units digit of y?
5
Suppose -3*l + 8*b + 10388 = 0, l + 10410 = 4*l + 3*b. What is the tens digit of l?
6
Let d(s) = 13*s**3 + 13*s - 13. Suppose 59*x - 55*x - 16 = 0. What is the units digit of d(x)?
1
Let a be (-40)/16*1164/(-15). Let k = -152 + a. What is the units digit of k?
2
Let l be 208 + 5/((-5)/(-4)). Let d be (-2796)/(-16) - -1 - 3/(-12). Suppose -4*n + 4*s + d + l = 0, -3*s + 15 = 0. What is the hundreds digit of n?
1
Let q be ((-5)/1 + -8)*-3. Suppose 0 = -2*b + q + 179. What is the units digit of b?
9
Let l(u) = 652*u**2 + 504*u + 11. What is the units digit of l(6)?
7
What is the ten thousands digit of 1*2/6 - 121427124/(-7812)?
1
Suppose -9*u = 62*u + 68*u - 1053342. What is the thousands digit of u?
7
Let a(i) = 3*i**2 - 115*i + 78. What is the units digit of a(43)?
0
Let v = -410 - -1303. Let f = v + -302. What is the hundreds digit of f?
5
Let k = 2316 - 928. Let r = k + -848. Suppose -6*g = -16*g + r. What is the tens digit of g?
5
Let h be 1/(1 - (1/(-17) - -1)). Let q = h - 11. Suppose -q*c - 2 = -164. What is the units digit of c?
7
Let b = 342 + -1528. Let f = -712 - b. What is the units digit of f?
4
Suppose -3521 - 17045 = -7*p. What is the tens digit of p?
3
Suppose 7*n - 2*n = 5. Suppose -p - 5 = -n. What is the tens digit of ((-20)/2)/(p/6)?
1
Let n(h) = 5*h + 663. Let k be n(0). Suppose 61 = 4*s - k. Let r = s + -103. What is the units digit of r?
8
Suppose 12 = -5*z + 12. Let i = 3 + 11. Let g = i + z. What is the units digit of g?
4
Let d be -2127*((-9)/18)/(6/(-4)). Let j = 1956 + d. What is the thousands digit of j?
1
Suppose 3*j = 2*g - 51, 6*g + 234 = -5*j + 205. Let o be ((-188)/(-6))/((-1)/(-3)). Let n = o + j. What is the units digit of n?
1
Suppose -3*k - 22883 = -4*h, -2726 - 3006 = -h - 3*k. What is the thousands digit of h?
5
Let a(b) = 1368*b - 3101. What is the units digit of a(10)?
9
Let k(c) = -13*c**3 + 9*c**2 - 17*c - 11. Let o(v) = 14*v**3 - 7*v**2 + 16*v + 10. Let w(d) = 3*k(d) + 4*o(d). What is the tens digit of w(4)?
3
Let f = 18744 - 11857. What is the units digit of f?
7
Let g(o) = -3*o + 1. Let q be g(1). Let t = 1291 - 1247. What is the tens digit of (17/q)/((-22)/t)?
1
Let j(y) = y**3 - 2*y**2 - 15*y + 13789. What is the units digit of j(0)?
9
Suppose -5*l + 6 + 4 = 0. Let d(k) = -l*k**2 - k**3 + 8 + 11*k**2 - 6. What is the units digit of d(8)?
6
Let w be (-192)/(-72)*3/2. Suppose 0*d = -d + 3*s + 149, 2*d - w*s - 290 = 0. Let m = 326 - d. What is the hundreds digit of m?
1
Let q(a) = a**3 + 10*a**2 - 7*a - 8. Suppose 0 = b + 3*b - c + 31, -5*c + 15 = 0. What is the tens digit of q(b)?
8
Let r(a) = -a**2 - 12*a + 10. Let w be r(-7). Let u = w - 34. Let t = 22 - u. What is the units digit of t?
1
What is the thousands digit of ((-440)/(-60) + -2